
True
Is 34496 a multiple of 98?
True
Does 34 divide 6086?
True
Is 39 a factor of 858?
True
Is 3906 a multiple of 21?
True
Is 531 a multiple of 5?
False
Does 81 divide 48600?
True
Is 72352 a multiple of 62?
False
Is 838 a multiple of 20?
False
Is 32 a factor of 3008?
True
Is 21 a factor of 4032?
True
Is 29 a factor of 65822?
False
Does 68 divide 10481?
False
Is 195 a multiple of 5?
True
Is 3 a factor of 1356?
True
Is 3018 a multiple of 6?
True
Does 43 divide 4469?
False
Does 5 divide 2091?
False
Is 19 a factor of 361?
True
Does 6 divide 181?
False
Is 36 a factor of 4744?
False
Is 35 a factor of 2767?
False
Is 5 a factor of 303?
False
Is 8261 a multiple of 23?
False
Is 53 a factor of 1590?
True
Is 1525 a multiple of 44?
False
Is 11 a factor of 2783?
True
Is 32752 a multiple of 16?
True
Is 840 a multiple of 35?
True
Is 19 a factor of 8937?
False
Does 15 divide 19140?
True
Does 79 divide 237?
True
Is 6389 a multiple of 6?
False
Does 38 divide 2584?
True
Does 26 divide 6448?
True
Is 57960 a multiple of 73?
False
Is 19 a factor of 399?
True
Does 16 divide 649?
False
Is 11 a factor of 8185?
False
Is 6150 a multiple of 75?
True
Is 119717 a multiple of 260?
False
Is 3161 a multiple of 17?
False
Is 31170 a multiple of 30?
True
Is 1951 a multiple of 49?
False
Is 14361 a multiple of 82?
False
Is 4141 a multiple of 15?
False
Does 47 divide 48034?
True
Is 258 a factor of 25026?
True
Is 6 a factor of 2313?
False
Does 17 divide 2516?
True
Does 31 divide 61163?
True
Is 12672 a multiple of 33?
True
Does 79 divide 30178?
True
Is 139 a factor of 31831?
True
Is 24 a factor of 3504?
True
Is 9 a factor of 319?
False
Does 5 divide 784?
False
Does 46 divide 460?
True
Is 40 a factor of 26070?
False
Is 828 a multiple of 36?
True
Does 14 divide 5054?
True
Is 34 a factor of 12648?
True
Is 1089 a multiple of 24?
False
Is 32 a factor of 1152?
True
Does 10 divide 18800?
True
Is 9 a factor of 513?
True
Is 3 a factor of 71?
False
Is 48 a factor of 150672?
True
Does 22 divide 1284?
False
Does 4 divide 1304?
True
Does 27 divide 8526?
False
Is 2113 a multiple of 16?
False
Does 12 divide 3492?
True
Does 93 divide 6231?
True
Is 5236 a multiple of 11?
True
Is 13537 a multiple of 21?
False
Does 92 divide 51289?
False
Does 15 divide 466?
False
Is 20 a factor of 27014?
False
Is 20 a factor of 20107?
False
Is 17 a factor of 1888?
False
Is 1334 a multiple of 38?
False
Does 210 divide 17640?
True
Is 4296 a multiple of 24?
True
Is 28 a factor of 2268?
True
Does 124 divide 35811?
False
Does 216 divide 14040?
True
Is 13 a factor of 732?
False
Does 5 divide 63595?
True
Is 98 a factor of 10422?
False
Is 35 a factor of 20404?
False
Is 35568 a multiple of 12?
True
Does 3 divide 1197?
True
Does 231 divide 89964?
False
Is 1340 a multiple of 5?
True
Is 62 a factor of 4588?
True
Is 4 a factor of 340?
True
Is 432 a multiple of 54?
True
Does 18 divide 270?
True
Is 735 a multiple of 35?
True
Is 7347 a multiple of 31?
True
Is 245 a multiple of 49?
True
Is 55200 a multiple of 60?
True
Does 9 divide 4167?
True
Is 63 a multiple of 4?
False
Is 3 a factor of 247?
False
Is 7 a factor of 812?
True
Does 181 divide 43691?
False
Is 16442 a multiple of 56?
False
Does 405 divide 38070?
True
Is 83565 a multiple of 135?
True
Is 12 a factor of 410?
False
Does 15 divide 2265?
True
Is 16 a factor of 19552?
True
Is 17 a factor of 4335?
True
Is 1419 a multiple of 33?
True
Does 5 divide 975?
True
Is 49808 a multiple of 24?
False
Is 84 a factor of 6177?
False
Is 12 a factor of 1836?
True
Is 15965 a multiple of 5?
True
Is 25 a factor of 3525?
True
Is 65 even?
False
Is 3465 a multiple of 21?
True
Is 427 a multiple of 41?
False
Is 29352 a multiple of 28?
False
Is 2220 a multiple of 60?
True
Is 37 even?
False
Is 68 a factor of 10677?
False
Does 33 divide 590?
False
Does 14 divide 560?
True
Is 26 a factor of 2418?
True
Does 26 divide 124?
False
Does 21 divide 225?
False
Does 2 divide 335?
False
Does 148 divide 21904?
True
Does 26 divide 28430?
False
Is 25 a factor of 600?
True
Does 27 divide 2258?
False
Is 728 a multiple of 8?
True
Does 6 divide 6960?
True
Does 14 divide 2422?
True
Is 38 a factor of 456?
True
Is 1329 a multiple of 12?
False
Is 643 a multiple of 15?
False
Is 11 a factor of 440?
True
Is 62 a factor of 8571?
False
Is 1921 a multiple of 51?
False
Is 561 a multiple of 36?
False
Is 3 a factor of 1702?
False
Does 165 divide 6435?
True
Is 7 a factor of 16826?
False
Is 28 a factor of 364?
True
Is 4191 a multiple of 127?
True
Does 182 divide 21037?
False
Is 121 a factor of 9438?
True
Is 24800 a multiple of 100?
True
Is 16624 a multiple of 16?
True
Is 832 a multiple of 32?
True
Is 5866 a multiple of 14?
True
Is 11 a factor of 2750?
True
Is 5676 a multiple of 66?
True
Is 14 a factor of 3668?
True
Is 11 a factor of 558?
False
Is 814 a multiple of 31?
False
Does 36 divide 2050?
False
Is 15 a factor of 2175?
True
Is 17258 a multiple of 8?
False
Is 104 a multiple of 13?
True
Does 15 divide 499?
False
Is 9 a factor of 2480?
False
Is 366 a multiple of 7?
False
Is 9534 a multiple of 5?
False
Is 65 a factor of 3055?
True
Does 33 divide 4554?
True
Is 10 a factor of 1496?
False
Is 4 a factor of 1529?
False
Does 5 divide 218?
False
Is 23922 a multiple of 18?
True
Is 64236 a multiple of 101?
True
Is 3737 a multiple of 37?
True
Is 16 a factor of 160?
True
Is 7626 a multiple of 6?
True
Is 10 a factor of 414?
False
Is 17 a factor of 838?
False
Is 3643 a multiple of 29?
False
Does 57 divide 11514?
True
Is 67 a factor of 301?
False
Is 11273 a multiple of 321?
False
Is 15 a factor of 28920?
True
Is 10461 a multiple of 41?
False
Is 196 a multiple of 14?
True
Does 38 divide 5210?
False
Is 35 a factor of 1420?
False
Is 3614 a multiple of 139?
True
Is 58 a factor of 41992?
True
Does 28 divide 2476?
False
Is 13752 a multiple of 71?
False
Is 9682 a multiple of 47?
True
Is 1558 a multiple of 13?
False
Does 32 divide 1405?
False
Is 12 a factor of 7026?
False
Is 14 a factor of 26432?
True
Is 60 a factor of 17302?
False
Is 658 a multiple of 14?
True
Does 36 divide 612?
True
Does 213 divide 23010?
False
Does 24 divide 1414?
False
Does 3 divide 200?
False
Does 37 divide 185?
True
Does 5 divide 80?
True
Is 12 a factor of 11570?
False
Is 75 a multiple of 23?
False
Is 62393 a multiple of 43?
True
Is 57463 a multiple of 228?
False
Is 473 a multiple of 11?
True
Does 63 divide 5670?
True
Is 16315 a multiple of 251?
True
Is 7 a factor of 1348?
False
Does 5 divide 504?
False
Does 5 divide 18157?
False
Does 43 divide 18865?
False
Does 10 divide 15597?
False
Is 6 a factor of 19134?
True
Is 352 a multiple of 23?
False
Is 20 a factor of 11163?
False
Does 19 divide 572?
False
Does 16 divide 228?
False
Is 4 a factor of 1280?
True
Is 308 a multiple of 20?
False
Is 3448 a multiple of 11?
False
Is 20 a factor of 460?
True
Does 53 divide 646?
False
Is 22 a factor of 4291?
False
Does 7 divide 67?
False
Does 3 divide 5508?
True
Is 46 a multiple of 2?
True
Is 67975 a multiple of 17?
False
Is 172 a multiple of 13?
False
Is 16 a factor of 19984?
True
Is 20767 a multiple of 3?
False
Is 15865 a multiple of 95?
True
Does 13 divide 430?
False
Is 6655 a multiple of 121?
True
Does 131 divide 5058?
False
Is 390 a multiple of 17?
False
Is 35443 a multiple of 37?
False
Is 352 a multiple of 44?
True
Is 29 a factor of 6670?
True
Is 33 a factor of 33?
True
Is 10 a factor of 3849?
False
Is 36 a factor of 540?
True
Does 34 divide 918?
True
Does 7 divide 2293?
False
Is 1546 a multiple of 69?
False
Is 377 a factor of 12064?
True
Is 2 a factor of 3004?
True
Is 5904 a multiple of 72?
True
Is 5221 a multiple of 11?
False
Is 50232 a multiple of 12?
True
Is 139 a factor of 1112?
True
Is 55664 a multiple of 284?
True
Is 26 a factor of 1040?
True
Is 6 a factor of 1942?
False
Does 15 divide 105?
True
Is 16097 a multiple of 39?
False
Is 8 a factor of 59?
False
Is 29 a multiple of 9?
False
Is 37 a factor of 5239?
False
Does 24 divide 358?
False
Is 7 a factor of 350?
True
Does 47 divide 16168?
True
Is 4352 a multiple of 34?
True
Is 15 a factor of 10473?
False
Does 134 divide 21976?
True
Does 17 divide 919?
False
Is 52664 a multiple of 227?
True
Is 588 a multiple of 12?
True
Is 33 a factor of 330?
True
Does 59 divide 1693?
False
Does 2 divide 693?
False
Is 12 a factor of 1116?
True
Is 10 a factor 